termine s(j).
-3
Let l(v) = -2*v + 2. Let a be -1*(-16)/2 + -2. Suppose 0 = -0*s - s + a. Suppose d - s = -d. What is l(d)?
-4
Let f(s) = 6*s**2 + s. Suppose 2*n + 4*i - 24 = -3*n, 2*n = 3*i + 5. Suppose 0*m + 4*m + n = 0. What is f(m)?
5
Let z(p) = -7*p - 4. Let t(r) = -11*r - 7. Let u(k) = 1. Let o(i) = -t(i) - u(i). Let q(m) = 5*o(m) + 8*z(m). What is q(-5)?
3
Let v = -6 + 10. Suppose -v*u = -7*u + 9. Let y(r) = -2*r - 2 - 3 + u. Give y(-4).
6
Let k(c) = c**2 + 6. Let n be (3 - 9/3)/(-1 - -3). Calculate k(n).
6
Let b(i) = i - 4. Suppose -w + 2*w + 40 = 0. Let g be (-2 - w/12)*3. Calculate b(g).
0
Let h(s) be the third derivative of s**5/60 - s**4/8 - s**3/2 - s**2. Let k be 0 - (-5 + 1 + 2). Suppose 3*a - 20 = -k*a. Give h(a).
1
Let t(y) = 5*y - 3*y + 2*y**2 + y**3 - y. Let c be (6/4)/((-2)/4). Let u be c + 6/(7 + -4). Calculate t(u).
0
Suppose -2*a - 3*a = -20. Let u(v) = v**3 - v + 1728 + 4*v**2 - 1727 - 8*v**2. Calculate u(a).
-3
Let l(f) be the third derivative of -1/60*f**5 + 5/24*f**4 - 2/3*f**3 - 5*f**2 + 0 + 0*f. Suppose 2*b - 4*i - 2 = 0, 0 = b + 3*i + 1 - 7. Calculate l(b).
2
Let s(c) = -c**3 + 2*c + 4. Let h be s(-2). Let o = h + -7. Let y(r) = 9*r - 1. Give y(o).
8
Suppose 2*d - 20 = 7*d. Let a(s) = 3*s + 8. Let x(k) = 20*k + 44. Let j(h) = 39*h + 87. Let q(v) = 5*j(v) - 9*x(v). Let o(p) = -24*a(p) + 5*q(p). What is o(d)?
-9
Let p(j) = j**2 - 3*j + 1. Let q be 2*(7/4 + 11/(-44)). Determine p(q).
1
Suppose -2*a + k + 9 = 0, -2*a - 33 = -6*a + 5*k. Let n(o) = -2*o**2 + 7*o**3 + 3*o**2 + 2 - 8*o**3 + 0*o**3. What is n(a)?
-2
Let o = 7 + -5. Let a(z) = 5*z - z + z**2 + 3*z - o*z + 5. Give a(-4).
1
Suppose -p - p = -4. Let z(w) = 2*w**2 + 3*w - 1. Give z(p).
13
Let y(f) be the third derivative of f**5/60 + f**4/8 - 5*f**3/6 - 15*f**2. Give y(-5).
5
Suppose -2*u = -4*h - 32, 2*u = 7*u - 2*h - 48. Let k(r) = 11 + 3*r + r - u. Determine k(-3).
-9
Suppose d = -3*d + 8. Suppose -d*t = 3*t + 30. Let v be (-8)/t*18/12. Let a(c) = c**3 - c**2 + c + 1. What is a(v)?
7
Let v(u) = -2*u - 17. Let i(k) = k + 8. Let w(n) = -5*i(n) - 2*v(n). Determine w(-3).
-3
Let q(h) be the second derivative of -3/2*h**2 + 0*h**3 + 0 - 3*h - 1/12*h**4. What is q(0)?
-3
Let b = 63 + -68. Let t(o) = 7*o - 8. Let n(g) = 14*g - 15. Let y(i) = -4*n(i) + 9*t(i). Let m(q) = -4*q + 6. Let r(c) = b*m(c) - 3*y(c). Calculate r(5).
1
Let j(l) = -l + 22. Let t be j(18). Let a(b) = -2*b**2 + 4*b - 1. Calculate a(t).
-17
Suppose -2*j - q - q = -4, q - 5 = 2*j. Let w(l) = 36*l - 4. Let k(g) = 9*g - 1. Let f(i) = 9*k(i) - 2*w(i). Calculate f(j).
-10
Suppose 0 = 5*f - 3*j + 6, 0 = 2*f + 2*j - 6*j - 6. Let u(v) = v**2 + 4*v + 2. Determine u(f).
-1
Let j(r) = r**3 - r**2 + r + 5. Let v be j(0). Let b(s) = -v*s + 0*s - 1 + 3*s. Give b(4).
-9
Let z(b) = -8*b**3 - 2*b**2 - 5*b + 1. Let x(o) = o**3 + o. Let v(s) = -5*x(s) - z(s). Suppose 2*l = 4*y + 22, -l - 2*y - 9 = -0*y. What is v(l)?
4
Suppose 4 = 11*c + 26. Let l(n) = -n**2 - 3*n - 3. Give l(c).
-1
Let d = 0 + 2. Let a(s) = 1 + 3 + 4 - s**3 - s**d + s. What is a(0)?
8
Let o(j) be the third derivative of -j**6/120 + j**4/24 + j**3/6 - 2*j**2. Let d(k) = k - 1. Let h be d(5). Let b = h - 4. Give o(b).
1
Let j(r) be the second derivative of r**4/24 - r**3 + r**2 - r. Let v(z) be the first derivative of j(z). Suppose -2*n + 4*n - 10 = 0. What is v(n)?
-1
Let q(y) = 18*y**2 - 19*y**2 - 2 + 4*y**3 - 2*y + 1. Determine q(-1).
-4
Suppose 3 = -i - 3*d, i - 5 = -i + 5*d. Suppose i = -0*w - 2*w. Let m(a) = -6 - 2*a**2 + 5*a**2 + 4*a - a**3 + w*a**2. What is m(4)?
-6
Let t(h) = h**3 - 5*h**2 + 3*h + 1. Let n be (-10)/55 - (-46)/11. Calculate t(n).
-3
Let s be 1/(-3) - (-5)/(-3). Let q be 6/s + 2 + 0. Let p(r) = r**3 + 2*r**2 + 2*r + 1. Give p(q).
0
Let a(r) = -10*r + 1. Let b be 8/(-12)*6*-1. Suppose 0 = -k + b*c - 19, -2*c + 3*c = 5. Determine a(k).
-9
Let p(w) = -w**2 + w - 1. Let y(o) = -o**3 - 2*o**2 + 5*o - 2. Let u(a) = -3*p(a) - y(a). What is u(-6)?
17
Let c(n) be the third derivative of n**4/24 + n**3/6 + 9*n**2. Calculate c(-5).
-4
Let y(q) be the first derivative of -q**4/4 + q**3 - q**2/2 + q - 5. Calculate y(3).
-2
Let p(j) = j - 3. Let k be p(0). Let n(z) be the second derivative of z**4/12 - z**2/2 + z. Let v(f) be the first derivative of n(f). What is v(k)?
-6
Let t(z) = -8*z**2 + 2*z + 2. Let p(h) = -6*h**2 + h + 1. Let r(f) = 3*p(f) - 2*t(f). Determine r(-2).
-7
Let g(b) = -15*b + 1. Let s be g(-1). Let d = s + -12. Let q(x) be the second derivative of x**4/12 - 2*x**3/3 - x**2 + x. Give q(d).
-2
Let r = 33 - 34. Let j(s) = -3*s + 1. Calculate j(r).
4
Let c(m) = m + 4. Let p = 11 + -8. What is c(p)?
7
Let s(d) = -d**2 - 1. Let y(q) = 2*q**2 - q + 3. Let l(a) = 7*s(a) + 3*y(a). Let x = -3 + 6. Suppose x*z - 16 = 7*z. Give l(z).
-2
Let u(v) = 6*v**2 - 6*v - 5. Let b(j) = 5*j**2 - 6*j - 5. Let p = -5 + -2. Let a(m) = p*b(m) + 6*u(m). Give a(-5).
0
Let l(g) be the third derivative of -g**4/24 - g**3/3 + 4*g**2. Calculate l(-4).
2
Let n(a) = -6*a + 4. Let u(z) = -7*z + 3. Let s(t) = 4*n(t) - 3*u(t). Let v = -63 - -68. Calculate s(v).
-8
Suppose -l + 6*l = 0. Let q be 8 + -11 + 4 + l. Let s be (q - 0)/(1/(-2)). Let t(r) = -r. What is t(s)?
2
Let b(d) = -d**2 - 6*d - 7. Suppose -w - 12 = w. Determine b(w).
-7
Let z(w) = 8*w - w**2 - 2 - 7 + 1. Give z(8).
-8
Let s(y) be the second derivative of -y**5/20 + y**4/3 - y**3/6 - 3*y**2/2 + 2*y. Let u be (-2)/4*(-1 + 3). Let c be (u + (1 - 1))*-4. Determine s(c).
-7
Suppose 0 = -5*q - 25, 0 = 5*h - 3*q - q - 30. Let k(y) = -1 + y**h - 7*y - 2*y**2 - 5 - 2. Determine k(-6).
-2
Suppose -4*w - 30 = -10. Let d(o) be the first derivative of -o**4/24 - o**3 - 3*o**2/2 - 3. Let q(i) be the second derivative of d(i). Calculate q(w).
-1
Let c(w) = -w + 12. Suppose 3*l - 4*l + 8 = 0. Give c(l).
4
Let k(l) = -7 - 2*l + 3*l + 6. Give k(0).
-1
Let q(r) be the first derivative of 1/4*r**4 - 1/2*r**2 - 1/3*r**3 - 6 + 5*r. Calculate q(0).
5
Let s(c) = c - 6. Let i = 46 + -46. Calculate s(i).
-6
Let z(s) = 5*s**3 - 2*s**2 + 3*s - 1. Let c(x) = x**2 - x. Let g(n) = -c(n) - z(n). Let t = -166 + 167. Give g(t).
-5
Suppose -2*d - d = 0. Let t(h) be the second derivative of -h - 1/6*h**3 + 7/2*h**2 + 1/20*h**5 + 0 + 0*h**4. What is t(d)?
7
Let b(o) = -7*o. Suppose 2*z - 8 = -5*v, -2*v - 7*z = -3*z. Suppose -x - v = -1. What is b(x)?
7
Let x(m) = -3*m. Let p be x(-1). Suppose z = p*d + 2*d + 4, 3*d - 5*z = -20. Let b(a) = -a - 5 + 4*a - 2*a. What is b(d)?
-5
Suppose r + t = -2*r - 6, 3 = t. Let y = 1 - r. Let g(m) = -2*m + 0*m**3 - 4*m**2 + 6 - y*m + m**3. Determine g(5).
1
Let d(q) = 6*q**3 + 4*q**2 + 5*q - 2. Let k(t) = 7*t**3 + 3*t**2 + 4*t - 1. Let h(m) = -2*d(m) + 3*k(m). Calculate h(-1).
-9
Let f(b) = 2*b + 4. Let a be f(-5). Let d(g) = g**2 + 11. Let t(z) = 2*z**2 + 23. Let u(m) = a*t(m) + 13*d(m). Give u(0).
5
Let k(g) = -g**2 - g. Let i(n) = n**3 + n**2 + 8*n + 5. Let z(b) = -i(b) - 6*k(b). Let u = -4 + 7. Let q be u + (1 - -2)/3. Determine z(q).
3
Let r be (3/2 + -1)*2. Let j(h) = -h - 4*h + 8*h + r. Determine j(-3).
-8
Let b be 4/4 - -1*3. Let n = 11 + -8. Let s(d) = -2 - d + 8 + n. Calculate s(b).
5
Suppose -3*j + 2*j = -6. Let n = -7 + j. Let g(h) = 4*h + 1. Calculate g(n).
-3
Let v(j) = -j**2 - j + 2. Suppose 4*y = -13 + 85. Suppose 2*z = -3*s + 8, -3*z - 4 = -4*s + y. Calculate v(z).
0
Suppose 0 = 3*h + 3*a, 4*a + 12 = 4*h + 5*a. Let k(q) = -5*q + 0*q**3 + 0*q - 3 - q**3 + 6*q**2. Calculate k(h).
9
Let s(p) = -5*p**3 - 5*p**2 - 9*p - 10. Let z(m) = -9*m**3 - 10*m**2 - 17*m - 19. Let i(o) = -7*s(o) + 4*z(o). What is i(-4)?
-2
Suppose -3*k - 2*k = 3*o - 29, 14 = -2*o + 5*k. Suppose -5*r = -b + 2*b - 1, -2*b + o*r = -15. Let t(m) = -6 - m + 19 - 3 - 2. What is t(b)?
2
Let m(q) = -5*q - 5. Let u(k) = k + 1. Let n(l) = -2*m(l) - 11*u(l). Let s = -130 + 134. Calculate n(s).
-5
Let w(r) = -r**2 - r + 1. Let g(f) = 6*f**2 + 11*f - 1. Let x(q) = -g(q) - 4*w(q). Determine x(-5).
-18
Let k(z) be the first derivative of -z**4/12 + z**3/2 + 2*z**2 + 2*z - 1. Let f(d) be the first derivative of k(d). Give f(5).
-6
Suppose -2*r = -2 - 2. Let s(y) = -y**3 - 4*y**2 - 2*y + 4. Let o(g) = -6*g**3 - 21*g**2 - 10*g + 21. Let h(n) = 2*o(n) - 11*s(n). Calculate h(r).
2
Let s(z) be the second derivative of -z**7/840 